 by h.
11
Suppose 3*k - 4*q - 356 = 0, -5*k - 4*q + 585 = 13. Let j = k - 55. Calculate the remainder when j is divided by 21.
19
Let c(h) be the third derivative of h**4/4 + h**3/6 + 6*h**2. Calculate the remainder when c(7) is divided by 4/(-18) + (-400)/(-18).
21
Suppose 24 = 2*b + 4. Suppose -3*k + 56 = -b. Calculate the remainder when 62 is divided by k.
18
Let k = 31 - 34. Calculate the remainder when (1 + k)/(2*3/(-132)) is divided by 23.
21
Let p(q) = 2*q**2 + 6*q + 6. Calculate the remainder when 23 is divided by p(-3).
5
Let q(z) = z**3 - 34*z**2 - 33*z - 51. Calculate the remainder when 302 is divided by q(35).
17
Suppose -3*v + 8 = d - 180, 0 = v + d - 60. Let j(x) = -x**3 + 5*x**2 + 3*x + 7. Calculate the remainder when 4/2 + v - 1 is divided by j(5).
21
Suppose r - d = 4*d + 26, r + 3*d - 10 = 0. Suppose -15*h - 7 = -r*h. Calculate the remainder when 118 is divided by h.
6
Suppose a - 17 = 37. Let l = 18 - -88. Calculate the remainder when l is divided by a.
52
Suppose 0 = -0*u - 2*u + 8, 4*q - u - 20 = 0. Let n = -28 - -63. What is the remainder when ((-4)/q)/((-2)/411) is divided by n?
32
Let t(w) = 224*w**3 - 2*w**2 + 2. Let g be t(1). Let k = g - 39. What is the remainder when k is divided by 62?
61
Suppose -5*i - 5*d = -3*d - 2986, 0 = i - 5*d - 581. Suppose 8*l = 12*l + i. Let h = -88 - l. Calculate the remainder when h is divided by 16.
13
What is the remainder when 54 is divided by (-114)/(-8) - 96/384?
12
Suppose -36*j + 2280 = -10824. What is the remainder when j is divided by 3?
1
Let m(v) = v**2 - 2. Let s(a) = -a**2 - 3*a + 7. Let d be s(-5). Suppose -5*x = 8 - 33. What is the remainder when m(d) is divided by x?
2
Calculate the remainder when -6 + 2 + 879 + 4 is divided by 147.
144
Suppose -44*p - 707 = -q - 41*p, -3*p - 2091 = -3*q. Calculate the remainder when q is divided by 116.
112
Calculate the remainder when 98 is divided by (-90)/(-4) + (2 - 30/12).
10
Suppose j - 3 = 2*m - 7, 3*j = 6. Suppose -16 = -m*q + 5. Calculate the remainder when 32 is divided by q.
4
Let d(m) = 5*m + 21. Let n be d(-5). Calculate the remainder when ((-126)/n)/((-9)/(-18)) is divided by 19.
6
Suppose -516 = -12*d + 24. What is the remainder when 84 is divided by d?
39
Let c(a) = 2*a**2 - 8*a + 11. Calculate the remainder when c(-7) is divided by 40.
5
Let u = 24 - 17. Suppose -4*g - 192 = -u*g. Suppose 5 = 3*i - g. Calculate the remainder when i is divided by 12.
11
Let x = 47 - 22. Let f(v) = -51*v - 5. Let t be f(-4). Let b = t + -102. Calculate the remainder when b is divided by x.
22
Suppose 2*q - 18 = -z, 4*q + q = 5*z - 120. Calculate the remainder when 345 is divided by z.
15
Let c = -9 + 9. Suppose b + 3 - 8 = c. Suppose 2*h - 2*n - 2*n = -6, -b = -n. What is the remainder when h is divided by 5?
2
What is the remainder when ((-3304)/(-18))/1 + (-68)/(-153) is divided by 14?
2
Suppose -5*i - 3*i = -128. Calculate the remainder when 142 is divided by i.
14
Calculate the remainder when 197 is divided by (60/(-36) + 2)/((-2)/(-66)).
10
Let h(i) = 9*i - 156. What is the remainder when h(56) is divided by 119?
110
Let o be (-34)/(-153) + (-4874)/(-18). Suppose 0 = -7*u + o + 37. Calculate the remainder when u is divided by 9.
8
Suppose 4*k - 132 = -4*i, 4*i + 3*k = 3*i + 31. What is the remainder when 270 is divided by i?
32
What is the remainder when (12/2)/((-12)/(-8)) - -99 is divided by 27?
22
Calculate the remainder when 215 is divided by (66/11 + (-94 - -2))*-1.
43
Let a = -19 + 40. Let s = -25 - -21. Calculate the remainder when a is divided by 84/18 + s + (-93)/(-9).
10
Let b = -1171 + 1204. Suppose 0 = l - 2*j - 16 - 60, 3*l - 238 = j. Suppose -20 = 4*q, -7*w + 2*w - 2*q = -l. Calculate the remainder when b is divided by w.
15
Let r(u) = u - 9. Let o be r(12). Let g(v) = 7 + 11*v**2 + 7 - 11*v - v**2 - 2*v**3 + o*v**3. What is the remainder when g(-11) is divided by 4?
2
Let b(o) = 2*o**3 + 9*o**2 - 12*o - 15. What is the remainder when 255 is divided by b(-5)?
15
What is the remainder when 2829/23 - (-5)/1 is divided by 33?
29
Let k be 12/(-18)*159/(-2) + 1. Suppose -m = 2*j - k, 3*m = -3*j + m + 83. Calculate the remainder when j is divided by 14.
11
Calculate the remainder when (-5)/((2 + (-385)/195)/(-1)) is divided by 20.
15
Let a(l) = 37*l - 3. Let s be a(-3). What is the remainder when (-1)/(3/s*2) is divided by (-2)/8 + 164/16?
9
Suppose -5*p + 110 = n - 51, -4*p = 2*n - 130. Suppose 4*f + 8 - 72 = 0. Let w = -5 + f. What is the remainder when p is divided by w?
10
Let s(p) = p**3 + 2*p**2 - 2*p - 12*p**3 + 2*p**2. Let v(c) = 4*c**3 - c**2 + c. Let a(l) = 3*s(l) + 8*v(l). What is the remainder when 57 is divided by a(3)?
12
Suppose 16*l - 441 = 471. What is the remainder when l is divided by 23?
11
Let c be (1*86)/(-6 + 7). Suppose -c = -6*w - 8. Calculate the remainder when w is divided by 7.
6
Suppose -2*x + 3*x = -2*j + 183, -5*j - x = -453. Calculate the remainder when j is divided by (12/(-9))/((-40)/720).
18
Calculate the remainder when 1 - 408*16/(-24) is divided by 57.
45
Suppose -4*t + 1 = -11. Suppose 4*p = 8, 4*v + p - 96 = 3*p. Let z(k) = k**3 - 26*k**2 + 24*k + 27. What is the remainder when t is divided by z(v)?
1
Let r = -19 - -28. Suppose -3 = -3*n, 22 - 120 = -3*g - 2*n. Calculate the remainder when g is divided by r.
5
What is the remainder when 186 is divided by 5157/108 - (-2)/8?
42
Let q = -1324 - -1358. What is the remainder when 234 is divided by q?
30
Let m be 102 + (1 - -2) - -3. Suppose n = -k - 2*k + 25, -4*n - 4*k + m = 0. Calculate the remainder when n is divided by 16.
12
Suppose -4*w + 65 - 57 = 0. What is the remainder when 22 is divided by ((-22)/4)/(w - 25/10)?
0
Let y(c) = 2*c**3 - 55*c**2 + 29*c - 30. What is the remainder when 199 is divided by y(27)?
7
Let h = -150 - -102. Let u be h/(-12) + (-6)/2. Calculate the remainder when u/((0 + 2)/154) is divided by 20.
17
Let l = 1613 - 1609. Calculate the remainder when 51 is divided by l.
3
Let g be (189/14 + 2)*(0 - -2). Calculate the remainder when (g - -1) + (-6 - 15/(-3)) is divided by 20.
11
What is the remainder when 84 is divided by 1/2 + (-259)/(-14)?
8
Let k(o) = 5*o + 195. Calculate the remainder when k(-7) is divided by 61.
38
Let m = 590 - 545. Let n = 49 - 24. Calculate the remainder when m is divided by n.
20
Let o(m) = 78*m + 4. Let s be o(-2). Let i = -63 - s. Suppose -3*u + 5*z + 262 = 3*z, -z - i = -u. Calculate the remainder when u is divided by 17.
16
Let l(r) = 4*r**2 - 2*r + 1. Let v be l(1). Let p be (4/(-8))/(v/(-162)). Calculate the remainder when 122 is divided by p - -1 - 45/(-15).
29
Let q = -1 + 4. Suppose -4*l + 46 = 5*p - 19, 65 = 5*p + 5*l. Calculate the remainder when p is divided by q.
1
Let m(n) = 3*n**3 + 2*n**2 - 3*n + 2. Let s be m(2). Let l = 64 - s. Calculate the remainder when 140 is divided by l.
32
Let h(d) = 4*d + 163. Let r = -11 + 11. Calculate the remainder when h(r) is divided by 33.
31
Let x = 110 - 105. Suppose 0 = x*u - 2*w - 60, -5*u - 4*w + 30 = -0*w. Calculate the remainder when 44 is divided by u.
4
Suppose -62 = -5*v + 308. Let q(k) = -k**3 - 50*k**2 + 47*k - 178. Calculate the remainder when v is divided by q(-51).
22
Let f = 413 + -218. Calculate the remainder when f is divided by 14.
13
Let x(i) be the third derivative of i**5/60 - 2*i**4/3 + 3*i**3/2 + 15*i**2. What is the remainder when x(16) is divided by 3?
0
Calculate the remainder when 178 is divided by (-2 - -1)*-122*40/80.
56
Suppose 3*f - 4*f + 2 = 0. Suppose 0 = k - 1 - f. Suppose -45 = -k*t - 6. What is the remainder when t is divided by 4?
1
Let w = -131 + 136. Calculate the remainder when 14 is divided by w.
4
Let o(c) = 4*c - 6 + 6*c**2 - 5*c**2 - 5*c. Suppose -2*h = -4 - 8. Calculate the remainder when o(5) is divided by h.
2
Suppose -3300 = -4*f - 71*f. Calculate the remainder when 95 is divided by f.
7
Let f(n) = n**2 - 24*n + 27. What is the remainder when 94 is divided by f(24)?
13
Let d = 31 - 24. Suppose -57 = d*w - 204. Calculate the remainder when 61 is divided by w.
19
Suppose -r + a + 370 = 0, 1859 = 5*r + 5*a - a. What is the remainder when r is divided by 5?
1
Let y be 2/(-9) - (-1088)/36. Suppose 4*c = 2 + y. What is the remainder when c*1*104/16 is divided by 14?
10
Suppose 4584 = 5*g + 4*c 